{"id":192,"date":"2025-11-19T16:55:34","date_gmt":"2025-11-19T16:55:34","guid":{"rendered":"https:\/\/vatican-monacopatrons.com\/pavm\/?page_id=192"},"modified":"2025-11-19T17:06:56","modified_gmt":"2025-11-19T17:06:56","slug":"restorations-2026","status":"publish","type":"page","link":"https:\/\/vatican-monacopatrons.com\/pavm\/restorations-2026\/","title":{"rendered":"Restaurations 2026"},"content":{"rendered":"\n<p><strong>RESTAURATION ET \u00c9TUDE DU SARCOPHAGE EN BOIS POLICHROM\u00c9 D&#8217;AMENIRDIS (SARCOPHAGE ET COUVERCLE)<\/strong><\/p>\n\n\n\n<p>IXe si\u00e8cle av. J.-C., XXIIe dynastie<\/p>\n\n\n\n<p>Le sarcophage, qui contenait encore la momie, a rejoint la collection du Mus\u00e9e \u00e9gyptien et gr\u00e9gorien (fond\u00e9 par le pape Gr\u00e9goire XVI en 1839) en 1841. Le coffret et le couvercle sont tous deux construits \u00e0 partir de longues planches de bois de figuier sycomore et l&#8217;ensemble du sarcophage est peint d&#8217;iconographies qui accordent au d\u00e9funt une vie apr\u00e8s la mort.<\/p>\n\n\n\n<p>Ce sarcophage appartenait \u00e0 une pr\u00eatresse nomm\u00e9e Amenirdis, probablement originaire de Th\u00e8bes.<\/p>\n\n\n\n<p>Plus de d\u00e9tails dans le Wishbook 2026 :&nbsp;<a href=\"https:\/\/media.patronsvaticanmuseums.org\/Production\/media\/attachments\/multimedia\/document\/Wishbook_2026_NO_AP_low.pdf\" target=\"_blank\" rel=\"noreferrer noopener\">https:\/\/media.patronsvaticanmuseums.org\/Production\/media\/attachments\/multimedia\/document\/Wishbook_2026_NO_AP_low.pdf<\/a><\/p>\n\n\n\n<figure class=\"wp-block-image size-full\"><img loading=\"lazy\" decoding=\"async\" width=\"480\" height=\"640\" src=\"https:\/\/vatican-monacopatrons.com\/pavm\/wp-content\/uploads\/2025\/11\/20251003_091810-rotated.jpeg\" alt=\"\" class=\"wp-image-193\" srcset=\"https:\/\/vatican-monacopatrons.com\/pavm\/wp-content\/uploads\/2025\/11\/20251003_091810-rotated.jpeg 480w, https:\/\/vatican-monacopatrons.com\/pavm\/wp-content\/uploads\/2025\/11\/20251003_091810-225x300.jpeg 225w\" sizes=\"auto, (max-width: 480px) 100vw, 480px\" \/><\/figure>\n\n\n\n<figure class=\"wp-block-image size-full\"><img loading=\"lazy\" decoding=\"async\" width=\"640\" height=\"480\" src=\"https:\/\/vatican-monacopatrons.com\/pavm\/wp-content\/uploads\/2025\/11\/20251003_092405.jpeg\" alt=\"\" class=\"wp-image-194\" srcset=\"https:\/\/vatican-monacopatrons.com\/pavm\/wp-content\/uploads\/2025\/11\/20251003_092405.jpeg 640w, https:\/\/vatican-monacopatrons.com\/pavm\/wp-content\/uploads\/2025\/11\/20251003_092405-300x225.jpeg 300w\" sizes=\"auto, (max-width: 640px) 100vw, 640px\" \/><\/figure>\n\n\n\n<figure class=\"wp-block-image size-full\"><img loading=\"lazy\" decoding=\"async\" width=\"640\" height=\"480\" src=\"https:\/\/vatican-monacopatrons.com\/pavm\/wp-content\/uploads\/2025\/11\/20251003_092458.jpeg\" alt=\"\" class=\"wp-image-195\" srcset=\"https:\/\/vatican-monacopatrons.com\/pavm\/wp-content\/uploads\/2025\/11\/20251003_092458.jpeg 640w, https:\/\/vatican-monacopatrons.com\/pavm\/wp-content\/uploads\/2025\/11\/20251003_092458-300x225.jpeg 300w\" sizes=\"auto, (max-width: 640px) 100vw, 640px\" \/><\/figure>\n\n\n\n<figure class=\"wp-block-image size-full\"><img loading=\"lazy\" decoding=\"async\" width=\"480\" height=\"640\" src=\"https:\/\/vatican-monacopatrons.com\/pavm\/wp-content\/uploads\/2025\/11\/20251003_092549-rotated.jpeg\" alt=\"\" class=\"wp-image-196\" srcset=\"https:\/\/vatican-monacopatrons.com\/pavm\/wp-content\/uploads\/2025\/11\/20251003_092549-rotated.jpeg 480w, https:\/\/vatican-monacopatrons.com\/pavm\/wp-content\/uploads\/2025\/11\/20251003_092549-225x300.jpeg 225w\" sizes=\"auto, (max-width: 480px) 100vw, 480px\" \/><\/figure>\n\n\n\n<figure class=\"wp-block-image size-full\"><img loading=\"lazy\" decoding=\"async\" width=\"480\" height=\"640\" src=\"https:\/\/vatican-monacopatrons.com\/pavm\/wp-content\/uploads\/2025\/11\/20251003_092618-rotated.jpeg\" alt=\"\" class=\"wp-image-197\" srcset=\"https:\/\/vatican-monacopatrons.com\/pavm\/wp-content\/uploads\/2025\/11\/20251003_092618-rotated.jpeg 480w, https:\/\/vatican-monacopatrons.com\/pavm\/wp-content\/uploads\/2025\/11\/20251003_092618-225x300.jpeg 225w\" sizes=\"auto, (max-width: 480px) 100vw, 480px\" \/><\/figure>\n","protected":false},"excerpt":{"rendered":"<p>RESTAURATION ET \u00c9TUDE DU SARCOPHAGE EN BOIS POLICHROM\u00c9 D&#8217;AMENIRDIS (SARCOPHAGE ET COUVERCLE) IXe si\u00e8cle av. J.-C., XXIIe dynastie Le sarcophage, qui contenait encore la momie, a rejoint la collection du Mus\u00e9e \u00e9gyptien et gr\u00e9gorien (fond\u00e9 par le pape Gr\u00e9goire XVI en 1839) en 1841. Le coffret et le couvercle sont tous deux construits \u00e0 partir [&hellip;]<\/p>\n","protected":false},"author":2,"featured_media":0,"parent":0,"menu_order":0,"comment_status":"closed","ping_status":"closed","template":"","meta":{"footnotes":""},"class_list":["post-192","page","type-page","status-publish","hentry"],"_links":{"self":[{"href":"https:\/\/vatican-monacopatrons.com\/pavm\/wp-json\/wp\/v2\/pages\/192","targetHints":{"allow":["GET"]}}],"collection":[{"href":"https:\/\/vatican-monacopatrons.com\/pavm\/wp-json\/wp\/v2\/pages"}],"about":[{"href":"https:\/\/vatican-monacopatrons.com\/pavm\/wp-json\/wp\/v2\/types\/page"}],"author":[{"embeddable":true,"href":"https:\/\/vatican-monacopatrons.com\/pavm\/wp-json\/wp\/v2\/users\/2"}],"replies":[{"embeddable":true,"href":"https:\/\/vatican-monacopatrons.com\/pavm\/wp-json\/wp\/v2\/comments?post=192"}],"version-history":[{"count":2,"href":"https:\/\/vatican-monacopatrons.com\/pavm\/wp-json\/wp\/v2\/pages\/192\/revisions"}],"predecessor-version":[{"id":204,"href":"https:\/\/vatican-monacopatrons.com\/pavm\/wp-json\/wp\/v2\/pages\/192\/revisions\/204"}],"wp:attachment":[{"href":"https:\/\/vatican-monacopatrons.com\/pavm\/wp-json\/wp\/v2\/media?parent=192"}],"curies":[{"name":"wp","href":"https:\/\/api.w.org\/{rel}","templated":true}]}}