{"id":110,"date":"2025-11-19T13:34:13","date_gmt":"2025-11-19T13:34:13","guid":{"rendered":"https:\/\/vatican-monacopatrons.com\/pavm\/?page_id=110"},"modified":"2025-11-19T13:35:53","modified_gmt":"2025-11-19T13:35:53","slug":"restaurations-2021","status":"publish","type":"page","link":"https:\/\/vatican-monacopatrons.com\/pavm\/restaurations-2021\/","title":{"rendered":"Restaurations 2021"},"content":{"rendered":"<div itemprop=\"articleBody\">\n<p>Nous sommes fiers de pr\u00e9senter un nouveau don que nous avons fait aux Mus\u00e9es du Vatican : un documentaire sur l&#8217;importance d&#8217;\u00eatre m\u00e9c\u00e8ne ainsi que sur le travail d\u00e9licat des Ma\u00eetres restaurateurs. Gr\u00e2ce \u00e0 eux, les collections pontificales sont\u00a0pr\u00e9serv\u00e9es et conserv\u00e9es intactes.<\/p>\n<p>Le film est \u00e9crit et r\u00e9alis\u00e9 par Liana Marabini, comment\u00e9 par Rupert Wynne-James,\u00a0produit par Condor Pictures.\u00a0Il montre non seulement les lieux &#8220;visibles&#8221; des Mus\u00e9es, mais aussi les recoins les plus secrets et cach\u00e9s, inaccessibles au public. C&#8217;est donc une occasion sans pr\u00e9c\u00e9dent pour les amateurs d&#8217;art d&#8217;entrer dans ce &#8220;sancta sanctorum&#8221; int\u00e9rieur des plus grands chefs-d&#8217;\u0153uvre. Parce qu&#8217;aucun autre mus\u00e9e au monde ne peut \u00e9galer les mus\u00e9es du Vatican en nombre et en importance des \u0153uvres d&#8217;art accumul\u00e9es depuis des si\u00e8cles (plus de 700.000 pi\u00e8ces),\u00a0en peintures, sculptures et fresques command\u00e9es aux plus grands artistes, qui ont travaill\u00e9 pendant des d\u00e9cennies \u00e0 l&#8217;int\u00e9rieur des murs du Saint-Si\u00e8ge. La mission des m\u00e9c\u00e8nes est de promouvoir, restaurer et conserver cet incroyable patrimoine de beaut\u00e9.<\/p>\n<p>\u00a0<\/p>\n<p>Bande annonce ici :<\/p>\n<p><span style=\"font-size: 12.16px;\"><a href=\"https:\/\/vimeo.com\/566647731\">https:\/\/vimeo.com\/566647731<\/a><\/span><\/p>\n<p>\u00a0<\/p>\n<p>Nous sommes fiers d&#8217;annoncer aussi que nous avons financ\u00e9 un programme \u00e9ducatif, &#8220;Dante dans les mus\u00e9es du Vatican&#8221;. Il a \u00e9t\u00e9 cr\u00e9\u00e9 dans le but d&#8217;offrir une meilleure compr\u00e9hension du grand po\u00e8te italien au 700\u00e8me anniversaire de sa mort. Vous le trouvez ici :<\/p>\n<p style=\"font-size: 12.16px;\"><a href=\"https:\/\/www.museivaticani.va\/content\/museivaticani\/it\/eventi-e-novita\/iniziative\/mostre\/2021\/dante-nei-musei-vaticani.html\">https:\/\/www.museivaticani.va\/content\/museivaticani\/it\/eventi-e-novita\/iniziative\/mostre\/2021\/dante-nei-musei-vaticani.html<\/a><\/p>\n<p style=\"font-size: 12.16px;\"><img decoding=\"async\" src=\"https:\/\/vatican-monacopatrons.com\/pavm\/wp-content\/uploads\/2025\/11\/restoration2021.jpg\" alt=\"\" \/><\/p>\n<\/p><\/div>\n","protected":false},"excerpt":{"rendered":"<p>Nous sommes fiers de pr\u00e9senter un nouveau don que nous avons fait aux Mus\u00e9es du Vatican : un documentaire sur l&#8217;importance d&#8217;\u00eatre m\u00e9c\u00e8ne ainsi que sur le travail d\u00e9licat des Ma\u00eetres restaurateurs. Gr\u00e2ce \u00e0 eux, les collections pontificales sont\u00a0pr\u00e9serv\u00e9es et conserv\u00e9es intactes. Le film est \u00e9crit et r\u00e9alis\u00e9 par Liana Marabini, comment\u00e9 par Rupert Wynne-James,\u00a0produit [&hellip;]<\/p>\n","protected":false},"author":1,"featured_media":0,"parent":0,"menu_order":0,"comment_status":"closed","ping_status":"closed","template":"","meta":{"footnotes":""},"class_list":["post-110","page","type-page","status-publish","hentry"],"_links":{"self":[{"href":"https:\/\/vatican-monacopatrons.com\/pavm\/wp-json\/wp\/v2\/pages\/110","targetHints":{"allow":["GET"]}}],"collection":[{"href":"https:\/\/vatican-monacopatrons.com\/pavm\/wp-json\/wp\/v2\/pages"}],"about":[{"href":"https:\/\/vatican-monacopatrons.com\/pavm\/wp-json\/wp\/v2\/types\/page"}],"author":[{"embeddable":true,"href":"https:\/\/vatican-monacopatrons.com\/pavm\/wp-json\/wp\/v2\/users\/1"}],"replies":[{"embeddable":true,"href":"https:\/\/vatican-monacopatrons.com\/pavm\/wp-json\/wp\/v2\/comments?post=110"}],"version-history":[{"count":2,"href":"https:\/\/vatican-monacopatrons.com\/pavm\/wp-json\/wp\/v2\/pages\/110\/revisions"}],"predecessor-version":[{"id":113,"href":"https:\/\/vatican-monacopatrons.com\/pavm\/wp-json\/wp\/v2\/pages\/110\/revisions\/113"}],"wp:attachment":[{"href":"https:\/\/vatican-monacopatrons.com\/pavm\/wp-json\/wp\/v2\/media?parent=110"}],"curies":[{"name":"wp","href":"https:\/\/api.w.org\/{rel}","templated":true}]}}